ided by 1544?
1491
Calculate the remainder when 53012374 is divided by 5004.
5002
What is the remainder when 111702 is divided by 2067?
84
What is the remainder when 630232 is divided by 19095?
97
Calculate the remainder when 14442641 is divided by 3088.
65
Calculate the remainder when 8723293 is divided by 1785.
1783
What is the remainder when 10479617 is divided by 54?
53
What is the remainder when 712250 is divided by 356121?
8
Calculate the remainder when 117531 is divided by 4449.
1857
Calculate the remainder when 34706 is divided by 11532.
110
What is the remainder when 1328141 is divided by 9286?
243
What is the remainder when 932708 is divided by 25908?
20
What is the remainder when 73918 is divided by 294?
124
Calculate the remainder when 320802 is divided by 2276.
2162
Calculate the remainder when 279623 is divided by 3190.
2093
Calculate the remainder when 8655815 is divided by 28567.
14
What is the remainder when 30403 is divided by 389?
61
What is the remainder when 310236 is divided by 310071?
165
What is the remainder when 30751 is divided by 30716?
35
Calculate the remainder when 36289 is divided by 1356.
1033
What is the remainder when 79505 is divided by 39188?
1129
What is the remainder when 171239 is divided by 7445?
4
Calculate the remainder when 7550 is divided by 3404.
742
What is the remainder when 72901997 is divided by 13?
12
Calculate the remainder when 66446 is divided by 3009.
248
Calculate the remainder when 9076329 is divided by 65.
54
Calculate the remainder when 2281537 is divided by 1517.
1486
Calculate the remainder when 116701 is divided by 478.
69
Calculate the remainder when 66809355 is divided by 14.
11
Calculate the remainder when 550436 is divided by 2711.
103
What is the remainder when 307580 is divided by 30757?
10
Calculate the remainder when 628665332 is divided by 3578.
3576
What is the remainder when 67170 is divided by 838?
130
Calculate the remainder when 11339547 is divided by 1619933.
16
What is the remainder when 54415 is divided by 8354?
4291
What is the remainder when 10222 is divided by 3383?
73
Calculate the remainder when 5638081 is divided by 3134.
15
Calculate the remainder when 1325728 is divided by 18672.
16
What is the remainder when 1405916206 is divided by 18?
16
What is the remainder when 768414 is divided by 71?
52
What is the remainder when 2508581 is divided by 1293?
161
What is the remainder when 62228 is divided by 252?
236
Calculate the remainder when 1762901 is divided by 176287.
31
What is the remainder when 1009250 is divided by 447?
371
Calculate the remainder when 4568609 is divided by 39.
32
What is the remainder when 11200 is divided by 1810?
340
Calculate the remainder when 28748960 is divided by 4791491.
14
Calculate the remainder when 19629121 is divided by 71120.
1
What is the remainder when 138987 is divided by 2509?
992
Calculate the remainder when 180917 is divided by 643.
234
What is the remainder when 908024 is divided by 907933?
91
What is the remainder when 9176183 is divided by 1835232?
23
What is the remainder when 648313 is divided by 129547?
578
What is the remainder when 102321 is divided by 2415?
891
Calculate the remainder when 5450673 is divided by 36.
21
What is the remainder when 918317 is divided by 80?
77
Calculate the remainder when 63639554 is divided by 749.
20
What is the remainder when 27704830 is divided by 1061?
1059
Calculate the remainder when 10302374 is divided by 17344.
38
What is the remainder when 390117 is divided by 97449?
321
Calculate the remainder when 154439 is divided by 154439.
0
Calculate the remainder when 145833 is divided by 18200.
233
Calculate the remainder when 24430 is divided by 354.
4
Calculate the remainder when 235682 is divided by 4446.
44
Calculate the remainder when 252379 is divided by 1250.
1129
What is the remainder when 1696839 is divided by 189?
186
What is the remainder when 18460 is divided by 17922?
538
Calculate the remainder when 168501628 is divided by 197540.
8
Calculate the remainder when 3147753 is divided by 4973.
4817
Calculate the remainder when 35153219 is divided by 681.
680
What is the remainder when 1385571 is divided by 86590?
131
Calculate the remainder when 58044920 is divided by 84.
80
Calculate the remainder when 1157129 is divided by 50309.
22
Calculate the remainder when 17217826 is divided by 147.
10
Calculate the remainder when 38011 is divided by 352.
347
What is the remainder when 15179286 is divided by 7589642?
2
Calculate the remainder when 26951 is divided by 958.
127
What is the remainder when 58973 is divided by 14459?
1137
What is the remainder when 1193099 is divided by 1193076?
23
What is the remainder when 2773600 is divided by 79245?
25
Calculate the remainder when 2334196 is divided by 50.
46
Calculate the remainder when 32589 is divided by 5973.
2724
What is the remainder when 5055355 is divided by 14?
11
What is the remainder when 3533520 is divided by 21?
18
Calculate the remainder when 2733732 is divided by 299.
274
What is the remainder when 454968 is divided by 1602?
0
What is the remainder when 1007551 is divided by 122?
75
Calculate the remainder when 12269837 is divided by 73.
70
Calculate the remainder when 62282575 is divided by 172.
171
What is the remainder when 595206 is divided by 297596?
14
Calculate the remainder when 102371 is divided by 10196.
411
What is the remainder when 248339644 is divided by 592696?
20
What is the remainder when 607864749 is divided by 60786474?
9
Calculate the remainder when 30045 is divided by 741.
405
What is the remainder when 269800 is divided by 1303?
79
What is the remainder when 39819790 is divided by 316?
314
Calculate the remainder when 934591 is divided by 5190.
391
Calculate the remainder when 209873 is divided by 205.
158
What is the remainder when 1773142 is divided by 3430?
3262
What is the remainder when 15454 is divided by 1035?
964
What is the remainder when 32389102 is divided by 558?
550
Calculate the remainder when 225046 is divided by 112257.
532
What is the remainder when 235078 is divided by 550?
228
What is the remainder when 224942 is divided by 119?
32
Calculate the remainder when 6433370 is divided by 1041.
1031
What is the remainder when 32618733 is divided by 32618718?
15
Calculate the remainder when 2295537 is divided by 1712.
1457
Calculate the remainder when 502340 is divided by 1062.
14
Calculate the remainder when 567483908 is divided by 37.
34
What is the remainder when 89519 is divided by 987?
689
What is the remainder when 123416 is divided by 4107?
206
What is the remainder when 224693966 is divided by 7021686?
14
What is the remainder when 130108 is divided by 1315?
1238
Calculate the remainder when 230425 is divided by 112753.
4919
Calculate the remainder when 69869593 is divided by 812437.
11
Calculate the remainder when 128775 is divided by 64194.
387
Calculate the remainder when 21741 is divided by 1478.
1049
What is the remainder when 4894099 is divided by 2447040?
19
What is the remainder when 861000 is divided by 860802?
198
What is the remainder when 540985 is divided by 201?
94
Calculate the remainder when 388462 is divided by 194102.
258
What is the remainder when 77438 is divided by 1820?
998
What is the remainder when 5073380 is divided by 362383?
18
What is the remainder when 19637641 is divided by 125?
16
Calculate the remainder when 4755067 is divided by 85.
82
Calculate the remainder when 307704 is divided by 34115.
669
What is the remainder when 1119285 is divided by 468?
297
What is the remainder when 1105224 is divided by 360?
24
Calculate the remainder when 30348 is divided by 4750.
1848
What is the remainder when 427840 is divided by 148?
120
Calculate the remainder when 519815 is divided by 1567.
1138
What is the remainder when 257517 is divided by 18?
9
Calculate the remainder when 9677482 is divided by 6.
4
Calculate the remainder when 6588506 is divided by 941213.
15
Calculate the remainder when 11932 is divided by 11666.
266
Calculate the remainder when 2248909 is divided by 55.
14
Calculate the remainder when 234682 is divided by 6207.
5023
Calculate the remainder when 8698 is divided by 40.
18
What is the remainder when 29418 is divided by 29196?
222
Ca